ppose -1 = f - 2*p - 31, -2*p + 114 = n*f. Calculate the remainder when f is divided by 13.
11
Let b = 16 - 3. Let y be 4/(-22) - (-2349)/33. Suppose -3*v + y + 4 = 0. What is the remainder when v is divided by b?
12
Let x = 0 + -14. Calculate the remainder when x*(-2)/(8/6) is divided by 8.
5
Suppose 7*a - 305 = 2*a - 5*i, 5*a - 332 = 4*i. Calculate the remainder when a is divided by 14.
8
Let l(u) = 17*u**2. Let q be l(-2). Suppose -8 = -4*a + q. Calculate the remainder when a is divided by 5.
4
Suppose 4*m - 12 = 48. Calculate the remainder when 27 is divided by m.
12
Let g(a) = 5*a**3 - a**2 + 2*a - 1. Let p(i) = i**3 + i**2 + 1. Let c(v) = -g(v) + 4*p(v). Calculate the remainder when 24 is divided by c(4).
11
Suppose 280 = -5*y + 5*c, -5*y + 2*c - 271 = -0*c. Let r = -19 + y. What is the remainder when r/(-2) - (-2 + 5) is divided by 9?
6
Suppose o = 3*s + 7, -2*o - 5*s = -4 - 21. Calculate the remainder when (-6*1)/((-3)/22) is divided by 1*6*o/4.
14
Suppose 4*d - 193 = g, -3*d - g - 4*g = -162. Let n = 81 - d. Let o = -9 + 20. What is the remainder when n is divided by o?
10
Suppose -w - 176 = -3*w + 4*u, 3*u = -w + 93. Calculate the remainder when w is divided by 31.
28
Suppose -3*z + 14 = -7. Let k = 5 + -5. Suppose k*n + n = 19. What is the remainder when n is divided by z?
5
Let w(u) be the second derivative of u**5/20 - u**4/3 - 3*u**3/2 + u**2/2 + u. Suppose -9 + 3 = -k. What is the remainder when w(k) is divided by 7?
5
Let o be (-4)/(-1 + (-12)/(-15)). Suppose -o = -0*q + 5*q. What is the remainder when -3*(-2)/(q/(-6)) is divided by 4?
1
Let j be (-12)/36*0/2. Suppose j = 5*r - 10 - 105. What is the remainder when 45 is divided by r?
22
Suppose -3*s = -3 - 6. Suppose -2*f - s = -11. Suppose 10 = 4*y + 2. What is the remainder when f is divided by y?
0
Let o(s) = -s + 20. Let t be o(16). Suppose 2*p = -t*a + 4 + 18, -4*a = p - 21. What is the remainder when a is divided by 3?
2
Let w(u) = -2*u - 3. Let r be w(-6). Let c = -6 + r. Let g(z) = -z**2 - 7*z - 2. Calculate the remainder when g(-5) is divided by c.
2
Suppose 5*x + 5 = 0, 5*x + 5 = s + 2. Let n(a) = 2*a**2 - 6*a + 4. What is the remainder when (-17)/(-1)*(s + 4) is divided by n(4)?
10
Suppose -f - 42 = -3*x, 0*x = 2*x + 3*f - 28. Let k = -2 + x. Calculate the remainder when 34 is divided by k.
10
Let c = -109 - -119. Calculate the remainder when c is divided by 4.
2
Let p be 2 + -1 + (-2 - -3). Let x = 8 - 6. What is the remainder when p/(-6)*(-59 + x) is divided by 7?
5
Suppose 3*h - 2*w - 59 = -0*w, 4*h - 102 = -2*w. Calculate the remainder when 107 is divided by h.
15
Suppose 31*s - 25*s = 450. Calculate the remainder when s is divided by 22.
9
Let v = -13 + 36. Calculate the remainder when v is divided by 9.
5
Suppose 0 = 3*s - s - 30. Let i be (-3 - -1) + (0 - -2). Suppose 5*w + f - 45 = i, 12 = 4*w - 3*f - 5. What is the remainder when s is divided by w?
7
Let u(o) be the second derivative of 59*o**4/12 - 5*o. What is the remainder when u(-1) is divided by 20?
19
Suppose -4*x + z = -8, -3*z + z = -4*x + 4. Suppose -x*w + w + 4*j = -26, 5*w - 72 = 3*j. What is the remainder when w is divided by 6?
3
Let v(m) = m**3 - 7*m**2 + 9*m - 6. Let p be v(6). Suppose s = -3*a - a + 18, 0 = -4*s - 5*a + 72. Calculate the remainder when 17 is divided by p/(-9)*s/(-4).
5
Let y = 25 + -9. Suppose -g = -y - 3. Calculate the remainder when 36 is divided by g.
17
Calculate the remainder when ((-3)/(-3))/(-1)*-61 is divided by 16.
13
Suppose 96 = -b + 5*b. What is the remainder when b is divided by 9?
6
Suppose 0 = 4*k - 0*k - 36. What is the remainder when 60/k*78/8 is divided by 17?
14
Calculate the remainder when (-36)/(-6)*(-57)/(-9) is divided by 20.
18
Suppose 2*d - 3*d = -37. What is the remainder when d is divided by 10?
7
Let v be 2/5 - 28/(-5). Let n = -4 + 7. Calculate the remainder when n is divided by (4/(-6))/((-2)/v).
1
Suppose 5*z = 4*o - 1, 0 = -2*o - 12*z + 10*z + 14. Calculate the remainder when 23 is divided by o.
3
Suppose -y = -4*q - 21, 3*y + 3*q + 0*q = 108. Suppose 2*b - v = 22, 3*b + 6*v - v - y = 0. What is the remainder when b is divided by 7?
4
Suppose 5*o - 4*f - f - 25 = 0, -5*f - 1 = -2*o. Let r = -58 + 32. Let h = 48 + r. Calculate the remainder when h is divided by o.
6
Let k(u) = 6*u**2 - u**3 - 1 - 4 + 8*u + 0*u**2 - u**2. Calculate the remainder when 12 is divided by k(6).
5
Let z = 16 - -1. Let c = 714 - 681. Calculate the remainder when c is divided by z.
16
Let i(b) = 2*b**2 + 5*b - 3. Suppose 2*s - 25 - 105 = 0. Calculate the remainder when s is divided by i(-5).
21
Let k(a) = a**3 + 2*a**2 - a + 3. Let u be k(-3). Let m = 0 - u. Suppose -m*t - 12 + 60 = 0. Calculate the remainder when t is divided by 9.
7
Suppose 0 = -5*i - 4*d + 163, -53 = -2*i - d + 14. Suppose i = u - 42. What is the remainder when u is divided by 16?
13
Let o be (-33)/2 + (-1)/(-2). Suppose -75 - 55 = -5*v. Let w = o + v. What is the remainder when 28 is divided by w?
8
Suppose -4*l - 2*o = -170, 4*l - l = 5*o + 121. Calculate the remainder when l is divided by 26.
16
Let g(w) = w**2 - w - 4. Calculate the remainder when 13 is divided by g(4).
5
Let u(c) = -10*c - 4. What is the remainder when u(-3) is divided by 9?
8
Let v = 1 - -3. Let y = v + -1. Calculate the remainder when y is divided by 1.
0
Let g = 62 - 56. What is the remainder when 16 is divided by g?
4
What is the remainder when (5/(-30)*-3)/(2/28) is divided by 3?
1
Let p = 10 + -12. Let n be p/8 + (-13)/(-4). Suppose -n*b = -13 + 1. What is the remainder when b is divided by 2?
0
Let h(l) = -l**3 + l + 18. Let k be h(0). What is the remainder when 33 is divided by (24/(-12))/((-4)/k)?
6
Calculate the remainder when 22 is divided by (-15)/(-25) - 24/(-10).
1
Let k(h) be the second derivative of h**4/6 - 7*h**3/6 + h**2 + 3*h. Calculate the remainder when k(7) is divided by 13.
12
Let a(l) = -l**3 - 4*l**2 - l + 1. Let j be a(-4). Suppose z = j*z. Suppose 3*t - 59 - 4 = z. What is the remainder when t is divided by 8?
5
Suppose 8 = t - 0. What is the remainder when t is divided by 4?
0
Suppose -6 - 48 = 3*j. Let a = 13 - j. Let b(i) = i**3 - 5*i**2 + 3*i - 4. What is the remainder when a is divided by b(5)?
9
Let a be (0 + 0)*(-1)/(-2). Suppose -3*j + a*j = -42. What is the remainder when 53 is divided by j?
11
Suppose 3*v - 6*v + 14 = 2*o, -2*v + 46 = 5*o. Let g = 127 - 37. Suppose 3*m + 2*m = g. Calculate the remainder when m is divided by o.
8
Suppose 0 = 6*o - 4*o - 6. What is the remainder when (-2)/o*516/(-8) is divided by 22?
21
Suppose 0 = -m + 2*a - 1 + 2, 4*m - 2*a - 22 = 0. Let w = -40 - -13. Let f = 40 + w. Calculate the remainder when f is divided by m.
6
Suppose o - 93 = -4*j, 0*j - 3*o + 125 = 5*j. What is the remainder when 85 is divided by j?
19
Let w(d) = -168*d - 1. Let f be w(-1). Suppose -5*n + 15 = 0, 10 - f = -4*z + n. Let v(q) = -8*q + 6. Calculate the remainder when z is divided by v(-1).
12
Suppose 26 = l - 4*k, 0 = 4*l + 7*k - 3*k - 24. What is the remainder when 21 is divided by (11*1)/(10/l)?
10
Suppose 2*z - 8*z = -18. Calculate the remainder when 3 is divided by z.
0
Calculate the remainder when 25 is divided by 8 - (2 + 9/(-3)).
7
Suppose 5*h + 2 = -3*p + 36, -3*p = -h - 4. Suppose 5*j = -5*d - 0 + 20, 2*d + h*j - 8 = 0. Calculate the remainder when 11 is divided by d.
3
Suppose 3*q - 7*q = 5*s - 196, -3*q + 148 = 4*s. Calculate the remainder when q is divided by 13.
5
Let p = 0 - -8. Let m = -11 + p. Calculate the remainder when 5 is divided by (11 + -2)/m*-1.
2
Calculate the remainder when (-507)/(-26) - (-1)/2 is divided by 3.
2
Suppose 0 = 3*o - 2*v - 210 + 27, 66 = o + v. What is the remainder when o is divided by 14/(-7)*(0 - 8)?
15
Let h = -32 + 51. Calculate the remainder when h is divided by 5.
4
Let k be -1*1*14 - -1. Let g = k + 18. Suppose g*z - z = 4. What is the remainder when 1 is divided by z?
0
Suppose z - 1 = 2. Let x be 3/(-2) + z/2. Let q(h) = -h + 13. What is the remainder when q(x) is divided by 5?
3
Let i(t) = 5*t**2 + 10 - 8*t**2 + 9*t + 2*t**2. Calculate the remainder when 47 is divided by i(7).
23
Calculate the remainder when (-180)/(-16) + 1/(-4) is divided by 3.
2
Let k(q) = 6*q - 26. Let m(n) = n - 5. Let t(j) = 2*k(j) - 11*m(j). Let x be t(3). 